{"id":1447,"date":"2022-06-15T15:07:15","date_gmt":"2022-06-15T15:07:15","guid":{"rendered":"https:\/\/fmcomercial.com.py\/?post_type=product&#038;p=1447"},"modified":"2022-06-15T15:07:15","modified_gmt":"2022-06-15T15:07:15","slug":"secador-de-pelo-parlux-3200-plus","status":"publish","type":"product","link":"https:\/\/fmcomercial.com.py\/index.php\/producto\/secador-de-pelo-parlux-3200-plus\/","title":{"rendered":"SECADOR DE PELO PARLUX 3200 PLUS"},"content":{"rendered":"","protected":false},"excerpt":{"rendered":"<h4><span style=\"color: #0000ff;\"><strong>CUOTAS.<\/strong><\/span><br \/>\n<span style=\"color: #0000ff;\"><strong>\u00a0 \u00a06 x 152.000Gs.<\/strong><\/span><br \/>\n<span style=\"color: #0000ff;\"><strong>\u00a0 \u00a08 x 120.000Gs.<\/strong><\/span><br \/>\n<span style=\"color: #0000ff;\"><strong>10 x 102.000Gs.<\/strong><\/span><\/h4>\n<p><strong>Descripci\u00f3n.<\/strong><br \/>\n* La \u00faltima revelaci\u00f3n de Parlux para el modelo 3200. Una combinaci\u00f3n de un paquete de secador de pelo compacto con m\u00e1s potencia y menos ruido para una experiencia de secado m\u00e1s c\u00f3moda y eficiente.<br \/>\n* El restyling tecnol\u00f3gico del Parlux 3200 Plus combina la potencia asociada con un nuevo concepto de aspiraci\u00f3n, asegurando un secado m\u00e1s silencioso y r\u00e1pido.<br \/>\n* Redise\u00f1ado para una experiencia de secado a\u00fan m\u00e1s profesional.<br \/>\n* LIGERO: la reducci\u00f3n del peso de todos los componentes ha creado un secador de pelo m\u00e1s ligero para sesiones de secado m\u00e1s f\u00e1ciles y c\u00f3modas.<br \/>\n* NUEVA ASPIRACI\u00d3N: redise\u00f1ada para optimizar el secado y ser m\u00e1s eficiente energ\u00e9ticamente gracias a un mayor flujo de aire.<br \/>\n* MANEJABLE: mango ergon\u00f3mico con un paquete m\u00e1s ligero para un mejor equilibrio, comodidad y ergonom\u00eda.<br \/>\n* FLUJO DE AIRE: un dise\u00f1o de motor mejorado para 71 metros c\u00fabicos por hora para un secado m\u00e1s r\u00e1pido y eficiencia energ\u00e9tica.<br \/>\n* MOTOR K-LAMINATION\u00ae: 2000 horas de vida \u00fatil garantizadas para un rendimiento y fiabilidad de secado a largo plazo.<br \/>\n* POTENCIA: el redise\u00f1o del motor de 1900 W produce un mayor flujo de aire que el modelo Parlux 3200 est\u00e1ndar y reduce el tiempo de secado mientras mantiene la integridad y el flujo natural del cabello.<\/p>\n","protected":false},"featured_media":1449,"comment_status":"open","ping_status":"closed","template":"","meta":{"site-sidebar-layout":"default","site-content-layout":"default","ast-site-content-layout":"","site-content-style":"default","site-sidebar-style":"default","ast-global-header-display":"","ast-banner-title-visibility":"","ast-main-header-display":"","ast-hfb-above-header-display":"","ast-hfb-below-header-display":"","ast-hfb-mobile-header-display":"","site-post-title":"","ast-breadcrumbs-content":"","ast-featured-img":"","footer-sml-layout":"","theme-transparent-header-meta":"default","adv-header-id-meta":"","stick-header-meta":"","header-above-stick-meta":"","header-main-stick-meta":"","header-below-stick-meta":"","astra-migrate-meta-layouts":"default","ast-page-background-enabled":"default","ast-page-background-meta":{"desktop":{"background-color":"var(--ast-global-color-4)","background-image":"","background-repeat":"repeat","background-position":"center center","background-size":"auto","background-attachment":"scroll","background-type":"","background-media":"","overlay-type":"","overlay-color":"","overlay-opacity":"","overlay-gradient":""},"tablet":{"background-color":"","background-image":"","background-repeat":"repeat","background-position":"center center","background-size":"auto","background-attachment":"scroll","background-type":"","background-media":"","overlay-type":"","overlay-color":"","overlay-opacity":"","overlay-gradient":""},"mobile":{"background-color":"","background-image":"","background-repeat":"repeat","background-position":"center center","background-size":"auto","background-attachment":"scroll","background-type":"","background-media":"","overlay-type":"","overlay-color":"","overlay-opacity":"","overlay-gradient":""}},"ast-content-background-meta":{"desktop":{"background-color":"var(--ast-global-color-5)","background-image":"","background-repeat":"repeat","background-position":"center center","background-size":"auto","background-attachment":"scroll","background-type":"","background-media":"","overlay-type":"","overlay-color":"","overlay-opacity":"","overlay-gradient":""},"tablet":{"background-color":"var(--ast-global-color-5)","background-image":"","background-repeat":"repeat","background-position":"center center","background-size":"auto","background-attachment":"scroll","background-type":"","background-media":"","overlay-type":"","overlay-color":"","overlay-opacity":"","overlay-gradient":""},"mobile":{"background-color":"var(--ast-global-color-5)","background-image":"","background-repeat":"repeat","background-position":"center center","background-size":"auto","background-attachment":"scroll","background-type":"","background-media":"","overlay-type":"","overlay-color":"","overlay-opacity":"","overlay-gradient":""}}},"product_cat":[30],"product_tag":[],"class_list":{"0":"post-1447","1":"product","2":"type-product","3":"status-publish","4":"has-post-thumbnail","6":"product_cat-cuidado-personal","7":"desktop-align-left","8":"tablet-align-left","9":"mobile-align-left","11":"first","12":"instock","13":"shipping-taxable","14":"purchasable","15":"product-type-simple"},"_links":{"self":[{"href":"https:\/\/fmcomercial.com.py\/index.php\/wp-json\/wp\/v2\/product\/1447","targetHints":{"allow":["GET"]}}],"collection":[{"href":"https:\/\/fmcomercial.com.py\/index.php\/wp-json\/wp\/v2\/product"}],"about":[{"href":"https:\/\/fmcomercial.com.py\/index.php\/wp-json\/wp\/v2\/types\/product"}],"replies":[{"embeddable":true,"href":"https:\/\/fmcomercial.com.py\/index.php\/wp-json\/wp\/v2\/comments?post=1447"}],"wp:featuredmedia":[{"embeddable":true,"href":"https:\/\/fmcomercial.com.py\/index.php\/wp-json\/wp\/v2\/media\/1449"}],"wp:attachment":[{"href":"https:\/\/fmcomercial.com.py\/index.php\/wp-json\/wp\/v2\/media?parent=1447"}],"wp:term":[{"taxonomy":"product_cat","embeddable":true,"href":"https:\/\/fmcomercial.com.py\/index.php\/wp-json\/wp\/v2\/product_cat?post=1447"},{"taxonomy":"product_tag","embeddable":true,"href":"https:\/\/fmcomercial.com.py\/index.php\/wp-json\/wp\/v2\/product_tag?post=1447"}],"curies":[{"name":"wp","href":"https:\/\/api.w.org\/{rel}","templated":true}]}}