{"id":2286,"date":"2023-09-12T11:56:57","date_gmt":"2023-09-12T11:56:57","guid":{"rendered":"https:\/\/fmcomercial.com.py\/?post_type=product&#038;p=2286"},"modified":"2024-12-09T14:11:26","modified_gmt":"2024-12-09T14:11:26","slug":"barniz-copal-brillalux-850cc-lapacho-amanecer-cod-012","status":"publish","type":"product","link":"https:\/\/fmcomercial.com.py\/index.php\/producto\/barniz-copal-brillalux-850cc-lapacho-amanecer-cod-012\/","title":{"rendered":"BARNIZ COPAL BRILLALUX 850CC LAPACHO AMANECER &#8211; C\u00d3D: 012"},"content":{"rendered":"","protected":false},"excerpt":{"rendered":"<p><strong>Descripci\u00f3n<\/strong><br \/>\nElaborado a base de resinas alqu\u00eddicas, Vers\u00e1til. Es de f\u00e1cil aplicaci\u00f3n, r\u00e1pido secado y muy buen brillo. Resiste la lluvia y el sol<\/p>\n<p><strong>* \u00c1REAS DE APLICACI\u00d3N<\/strong><br \/>\nSe recomienda especialmente para barnizar todo objeto al cual se desee asegurar una buena protecci\u00f3n, conservando al mismo tiempo la belleza natural de la madera.<\/p>\n<p><strong>* ACABADO<\/strong><br \/>\nBrillante<\/p>\n<p><strong>* COLORES<\/strong><br \/>\nTransparente.<\/p>\n<p>Posibilidad de obtener tonos de maderas naturales al mezclar con el Entonador para Madera Amanecer hasta 60 cm\u00b3 por litro.<\/p>\n<p><strong>* MODO DE APLICACI\u00d3N<\/strong><br \/>\nSe aplica a pincel, rodillo o soplete.<\/p>\n<p><strong>* CANTIDAD DE MANOS<\/strong><br \/>\n3 manos.<\/p>\n<p><strong>* DILUYENTE<\/strong><br \/>\nAguarr\u00e1s mineral de buena calidad.<\/p>\n<p><strong>* INTERVALO ENTRE MANOS<\/strong><br \/>\nLuego de 24 horas es recomendable lijar antes de aplicar una nueva mano.<\/p>\n<p><strong>* RENDIMIENTO<\/strong><br \/>\n12 a 15 m\u00b2\/litro y por mano.<\/p>\n<p><strong>* PREPARACI\u00d3N<\/strong><br \/>\nLas superficies a pintar deben estar limpias, secas y desengrasadas, libres de \u00f3xido y part\u00edculas de polvo u otros contaminantes.<\/p>\n","protected":false},"featured_media":2266,"comment_status":"open","ping_status":"closed","template":"","meta":{"site-sidebar-layout":"default","site-content-layout":"default","ast-site-content-layout":"default","site-content-style":"default","site-sidebar-style":"default","ast-global-header-display":"","ast-banner-title-visibility":"","ast-main-header-display":"","ast-hfb-above-header-display":"","ast-hfb-below-header-display":"","ast-hfb-mobile-header-display":"","site-post-title":"","ast-breadcrumbs-content":"","ast-featured-img":"","footer-sml-layout":"","theme-transparent-header-meta":"default","adv-header-id-meta":"","stick-header-meta":"","header-above-stick-meta":"","header-main-stick-meta":"","header-below-stick-meta":"","astra-migrate-meta-layouts":"set","ast-page-background-enabled":"default","ast-page-background-meta":{"desktop":{"background-color":"var(--ast-global-color-4)","background-image":"","background-repeat":"repeat","background-position":"center center","background-size":"auto","background-attachment":"scroll","background-type":"","background-media":"","overlay-type":"","overlay-color":"","overlay-opacity":"","overlay-gradient":""},"tablet":{"background-color":"","background-image":"","background-repeat":"repeat","background-position":"center center","background-size":"auto","background-attachment":"scroll","background-type":"","background-media":"","overlay-type":"","overlay-color":"","overlay-opacity":"","overlay-gradient":""},"mobile":{"background-color":"","background-image":"","background-repeat":"repeat","background-position":"center center","background-size":"auto","background-attachment":"scroll","background-type":"","background-media":"","overlay-type":"","overlay-color":"","overlay-opacity":"","overlay-gradient":""}},"ast-content-background-meta":{"desktop":{"background-color":"var(--ast-global-color-5)","background-image":"","background-repeat":"repeat","background-position":"center center","background-size":"auto","background-attachment":"scroll","background-type":"","background-media":"","overlay-type":"","overlay-color":"","overlay-opacity":"","overlay-gradient":""},"tablet":{"background-color":"var(--ast-global-color-5)","background-image":"","background-repeat":"repeat","background-position":"center center","background-size":"auto","background-attachment":"scroll","background-type":"","background-media":"","overlay-type":"","overlay-color":"","overlay-opacity":"","overlay-gradient":""},"mobile":{"background-color":"var(--ast-global-color-5)","background-image":"","background-repeat":"repeat","background-position":"center center","background-size":"auto","background-attachment":"scroll","background-type":"","background-media":"","overlay-type":"","overlay-color":"","overlay-opacity":"","overlay-gradient":""}}},"product_cat":[27,34],"product_tag":[],"class_list":{"0":"post-2286","1":"product","2":"type-product","3":"status-publish","4":"has-post-thumbnail","6":"product_cat-ferreteria","7":"product_cat-pintura-y-complementos","8":"desktop-align-left","9":"tablet-align-left","10":"mobile-align-left","12":"first","13":"instock","14":"shipping-taxable","15":"purchasable","16":"product-type-simple"},"_links":{"self":[{"href":"https:\/\/fmcomercial.com.py\/index.php\/wp-json\/wp\/v2\/product\/2286","targetHints":{"allow":["GET"]}}],"collection":[{"href":"https:\/\/fmcomercial.com.py\/index.php\/wp-json\/wp\/v2\/product"}],"about":[{"href":"https:\/\/fmcomercial.com.py\/index.php\/wp-json\/wp\/v2\/types\/product"}],"replies":[{"embeddable":true,"href":"https:\/\/fmcomercial.com.py\/index.php\/wp-json\/wp\/v2\/comments?post=2286"}],"wp:featuredmedia":[{"embeddable":true,"href":"https:\/\/fmcomercial.com.py\/index.php\/wp-json\/wp\/v2\/media\/2266"}],"wp:attachment":[{"href":"https:\/\/fmcomercial.com.py\/index.php\/wp-json\/wp\/v2\/media?parent=2286"}],"wp:term":[{"taxonomy":"product_cat","embeddable":true,"href":"https:\/\/fmcomercial.com.py\/index.php\/wp-json\/wp\/v2\/product_cat?post=2286"},{"taxonomy":"product_tag","embeddable":true,"href":"https:\/\/fmcomercial.com.py\/index.php\/wp-json\/wp\/v2\/product_tag?post=2286"}],"curies":[{"name":"wp","href":"https:\/\/api.w.org\/{rel}","templated":true}]}}